4. Let m(u) = -12*u - 24. Let l(v) = 4*v + 8. Let k(y) = f*l(y) - 4*m(y). Give k(a).
-20
Let r(j) = -j. Let d(k) = k**2 + 5*k - 2. Let t(y) = -d(y) - 4*r(y). Suppose 4*c - 2*n - 14 = 0, -129*n + 124*n = 5. What is t(c)?
-10
Suppose -74*u = 14*u. Let g(w) = -w**3 - w**2 - w + 31. Give g(u).
31
Let f(c) = -1115*c**2 + 11149*c + 16. Let t be f(10). Let z(k) be the third derivative of -k**4/24 - 5*k**3/6 + k**2. Calculate z(t).
-11
Let n(s) = -9*s**3 - 9*s**2 + s + 4. Let p(c) = -4*c**3 - 2. Let l(x) = n(x) - 2*p(x). Give l(-9).
-1
Suppose x - 9 = -2*i + 1, -4*x = -2*i - 90. Let q(o) = 4*o - 76. Calculate q(x).
4
Let u(s) = s + s**3 + 13*s**2 - 26*s**2 - 27*s**2 + 31*s**2 + 3. Give u(9).
12
Let p(u) = 4*u + 44. Let g be p(-7). Suppose 5*b = 0, 0 = 4*d - 2*d + b + g. Let a(o) = 2*o + 7. Give a(d).
-9
Let i(b) be the third derivative of -b**6/30 + b**5/20 + b**3/6 + 3044*b**2. What is i(2)?
-19
Let f(l) = 9*l**2 - 57*l**3 + 150*l - 76*l - 86*l - 10 + 56*l**3. Determine f(6).
26
Let t(k) be the second derivative of -k**5/20 + 3*k**4/4 + 5*k**3/3 + k**2/2 - k + 183. Suppose d = 18 - 8. Determine t(d).
1
Let u(z) = -2*z**3 + 35*z**2 - 17*z + 16. Let g(i) = -i**3 + 32*i**2 - 52*i - 223. Let j be g(30). Give u(j).
16
Let x(g) = 3*g + 4. Suppose 0 = -u - 2, -4*t - 3*u = -0*t - 14. Suppose -13*s = -17*s + t*b - 18, 0 = b - 2. Give x(s).
-2
Let v(l) = 4*l**2 + 0*l**3 - 235*l + 469*l - l**3 - 236*l + 8. Give v(4).
0
Suppose -5*h = -3*h - f - 10, 0 = -f. Suppose m + 3*b = -2*b, h*b = 2*m. Let l(s) = s**2 - 11. What is l(m)?
-11
Let k(d) be the second derivative of -5*d**4/12 + 125*d**3/6 + d**2/2 + d + 284. Give k(25).
1
Let v(n) = -14*n + 11. Let m(f) = -5*f + 4. Let p(r) = -8*m(r) + 3*v(r). Suppose -3*i - g = -0*i - 4, -5*g = i - 6. Let h be (i + 0)*(0 + 6). Give p(h).
-11
Let z = -227 - -229. Let g(u) = 6 - 343*u - u**2 + 0*u**z + 334*u. Determine g(-10).
-4
Let f = -817 - -841. Let q(x) = -28 - 7*x**2 + 362*x**3 - 8*x - 363*x**3 + f. Give q(-6).
8
Let y(i) = 4*i**2 + 8*i + 12. Let j be y(-2). Let g(o) = 12*o - 151. Let l be g(j). Let h(q) = 2*q**2 + 13*q - 1. Calculate h(l).
6
Suppose 0 = 36*q - 65 - 115. Let p(k) = 84*k - 413. Calculate p(q).
7
Let u(r) = r**2 - 13*r + 14. Let m(t) = -3*t**2 + 26*t - 28. Let y(c) = 6*m(c) + 13*u(c). Let j(z) = 3*z**2 + 9*z - 9. Let k(g) = 8*j(g) + 5*y(g). Give k(7).
-2
Let p(k) = -k**2 + 2*k + 2. Let t(m) = 5*m**2 - 9*m - 5. Let w(u) = -3*p(u) - t(u). What is w(5)?
-36
Let b(n) = n**3 + 6*n**2 - 7*n - 11. Let d be 32/(-12) + (-286)/66. Calculate b(d).
-11
Let d(l) be the first derivative of l**2/2 + 18*l - 14. Calculate d(-21).
-3
Let d(k) = -k**3 - 4*k**2 + 3*k - 17*k**2 - 2*k**2 + 5*k**2 + 10 - 2*k. Determine d(-18).
-8
Let h(q) = -6*q - 3 + 1 + 2*q. Let s(o) = 2*o**2 - 64*o - 69. Let y be s(33). Give h(y).
10
Let z(t) be the second derivative of -t**3/6 - 2*t**2 + t - 520. Let r(v) = -3*v + 35. Let a be r(8). Give z(a).
-15
Let v(t) = 2*t**2 + 1. Let n = -24 - -28. Suppose n*f + 5 = 21. Calculate v(f).
33
Let l(j) be the second derivative of -j**5/10 + j**4/4 - j**3/2 + 3*j**2/2 + 11*j - 2. Suppose -4338*o + 22 = -4327*o. What is l(o)?
-7
Suppose 0 = 142*r - 156*r + 308. Let m(w) = w**3 - 23*w**2 + 28*w - 127. Calculate m(r).
5
Let d(q) be the first derivative of -5*q**2 + 7/3*q**3 - 6*q + 7 + 1/4*q**4. Let u be 16*2*(1 + 20/(-16)). Determine d(u).
10
Let l(f) be the first derivative of -3*f**2 + 27*f - 616. Give l(2).
15
Let t(l) = l**3 + 7*l**2 + 8*l + 7. Let s be ((-4)/(-10))/((-30)/(-2850)). Suppose 0 = -5*i + 2*z - 21, 3 = 5*i + 5*z + s. Give t(i).
17
Let n(z) = -z**3 + 7*z**2 + 9*z - 7. Let v = 78 - 14. Suppose 25*f = 29*f - v. Suppose f = -10*a + 12*a. Calculate n(a).
1
Let p be (-33 - -14)/19*3. Let g(o) = 3*o**3 + 2*o**2 - 8*o. What is g(p)?
-39
Suppose -5*x + 12 = w, 21*x = 17*x + 3*w + 21. Let p(t) = -10 + 182*t**2 + 0*t**3 - 189*t**2 - t**3 + x*t - 7*t. Calculate p(-7).
18
Let y(r) = -130*r**2 + 131395 + 65*r**2 + 10*r - 131384. Determine y(-1).
-64
Suppose 0 = 7*n - 77 - 56. Let d be n/(-3) + (-1)/(-3). Let j(v) = 2*v - 2. Give j(d).
-14
Let h(w) = -6*w**2 - 318*w**3 + w + 11*w**2 + 1 + 317*w**3. Suppose 5*o + 20 = 0, -5*d - 2*o - 2*o - 46 = 0. Let i = d + 11. What is h(i)?
6
Let i(y) = -2*y**3 - 8*y**2 + 24*y - 7. Suppose -r - 1 = 5. Let p be i(r). Let d(x) = x + 9. Calculate d(p).
2
Suppose 3*n + 2*p = 2*n - 3, 3*n = -3*p. Let l(g) = 13 + n*g**2 + g**2 - 2*g - 15. Determine l(2).
10
Let y be ((-4)/4)/(2/(-4)). Let q(b) = 8*b - 2*b - 4*b**2 + 7 - 9*b + b**2 + 7*b. Let f(z) = 9*z**2 - 11*z - 20. Let d(j) = -6*f(j) - 17*q(j). Calculate d(y).
-15
Let h(g) = -16*g**3 - g**2. Suppose 5 = -18*r + 77. Let s(p) = -p**2 + p + 13. Let j be s(r). Give h(j).
-17
Let c(i) = -2*i**2 + i + 26. Let j(t) = 3*t**2 - 5*t - 54. Let q(d) = -7*c(d) - 4*j(d). Determine q(-5).
19
Suppose -7 = -4*s + 34*p - 31*p, -3*s = 3*p + 21. Let m(q) = -10*q**3 + 5*q + 5. Determine m(s).
75
Let n be 38/4 + (-42)/(-28). Let q(o) = -39*o**2 + 6*o - 7. Let a(j) = 79*j**2 - 11*j + 13. Let r(y) = n*q(y) + 6*a(y). Calculate r(1).
46
Let z(p) = -9*p - 1. Let m(i) = i + 1. Let r(l) = 2*m(l) + z(l). Let a = 465 + -466. What is r(a)?
8
Suppose 372 = 58*k - 34. Let i(l) = -2*l**2 + 9*l + 5. Give i(k).
-30
Let x(i) = 140*i + 6. Let r be x(0). Let v(p) = p**3 - 4*p**2 + 6*p - 5. Determine v(r).
103
Let x(b) = -b**3 + 4*b**2 + 24*b - 60. Let j be x(6). Let a be (-4)/6 + 35/3. Let i(y) = j - a*y - 9 - 2*y**2 + 7*y. What is i(-4)?
-13
Let u = 3104 - 3111. Let a(v) = -11*v - 79. Determine a(u).
-2
Let u be (120/(-90))/((-2)/(-14)*(-14)/12). Let n(p) = p**3 - 11*p**2 + 23*p + 14. Determine n(u).
6
Let k(o) be the second derivative of o**6/40 + o**5/60 + 49*o**2 + 138*o. Let b(i) be the first derivative of k(i). Calculate b(-1).
-2
Let w(o) = -3*o**3 + 32*o**2 - 32*o + 45. Let l(n) = -19 - 3 + 4*n**3 + 6*n + 42*n + 1 - 48*n**2 - 46. Let v(g) = -5*l(g) - 7*w(g). What is v(-17)?
3
Let n(v) = -v**2 + 31*v - 129. Let p be n(5). Suppose p - 6 = b. Let w(x) = x**3 + 5*x**2 + x - 5. Give w(b).
-10
Let p(c) be the second derivative of -c**4/12 - c**3/2 + c**2/2 + 2*c. Let r be (-15)/(-6)*24/15. Suppose -r*x = -3*x - o + 4, 0 = 2*x - o + 8. Determine p(x).
-3
Let q(c) be the third derivative of 0 + 17/6*c**3 + 0*c - 1/24*c**4 + 44*c**2. Determine q(0).
17
Let y(s) = -3*s - 4 + 2*s - 6. Suppose -66 = 4*w - 38. Determine y(w).
-3
Let g(u) = -15*u. Let b(j) = -49*j + 8. Let s(z) = -b(z) + 3*g(z). Let o(c) = c + 1. Let p be o(5). Calculate s(p).
16
Let f(c) = 4*c**3 - 2*c**2 + 10*c + 7. Let p(r) = 3*r**3 - r**2 + 7*r + 5. Let q(b) = 5*f(b) - 7*p(b). Let n = -464 - -461. Calculate q(n).
-3
Let p(j) = -2*j**2 - 12*j - 7. Let z = 82 + -118. Let a(v) = -v**3 - 36*v**2 - 5. Let s be a(z). Give p(s).
3
Let t(v) = 7*v - 3*v + 1 - 2*v. Suppose 5*s + 5*n = -0*n + 400, -s + 68 = 4*n. Let r = s + -86. What is t(r)?
-3
Suppose q - 11 - 9 = -2*o, 2*o = 4*q - 100. Let c = q - 18. Let k(l) = -2 + 8*l - l**2 - 2 + 4 - 1. Calculate k(c).
11
Let g = 14726 - 14724. Let r(m) = 7*m - 42. Calculate r(g).
-28
Let y(k) = k**3 + 4*k**2 - 2*k - 5. Let n be 2*(-1 - 17/(-2)). Let o be ((-165)/45)/(1/(-3)). Let l = o - n. Calculate y(l).
3
Let t(u) be the first derivative of u**3/3 - u**2 - 3*u - 22. Let x be t(-2). Suppose 15 = -5*p - x. Let y(l) = 2*l**2 + 6*l + 6. Give y(p).
14
Let o(n) = -39 - n**2 + 36 + 2*n**2 + 12*n + 42 - 55. Suppose -4*b + 79 = -77. Suppose 2*l = -l - b. Calculate o(l).
-3
Let d = -21 + 23. Let f(o) = -d*o**2 + 11*o + 2*o**2 + 8 + 6*o**2 - o**3. Let j(t) = -3*t**3 + 18*t**2 + 32*t + 23. Let n(b) = 11*f(b) - 4*j(b). Calculate n(7).
-4
Let d(l) = l**3 + 4*l**2 + l - 2. Let f be -5*(((-252)/15)/3 - 2). Let a = f + -35. Let g be (4/a)/(1 + 20/(-15)). Give d(g).
-6
Let o(q) = q + 6. Let w(t) = -6*t + 104. Let y(j) = -j + 26. Let g(h) = 2*w(h) - 9*y(h). Let x(k) = g(k) + 4*o(k). What is x(-3)?
-5
Let p be ((-20)/8 + 120/48)/6. Let f(o) = o**2 + 2*o - 2. Determine f(p).
-2
Let m(l) = 7*l. Let t(k) = -8*k. Let c(d) = 7*m(d) + 6*t(d). Suppose 0 = 32*p + 769 - 897. Give c(p).
4
Let q(z) = 3*z**2 - z**3 - z + 5*z**2 - 4 + 8 - 11*z**2 - 1. Calculate q(3).
-54
Let o(z) = 9530*z - 3179*z + 23 + 4*z**3 - 3*z**3 - 3170*z - 3169*z. Give o(-2).
-9
Suppose -3*j - h - 386 = 0, 2*h + 382 = 